?
23, 79
What are the prime factors of 2104?
2, 263
What are the prime factors of 827?
827
List the prime factors of 6106.
2, 43, 71
List the prime factors of 31431.
3, 10477
List the prime factors of 1798.
2, 29, 31
What are the prime factors of 9988?
2, 11, 227
What are the prime factors of 3818?
2, 23, 83
What are the prime factors of 125?
5
List the prime factors of 2149.
7, 307
List the prime factors of 81356.
2, 11, 43
What are the prime factors of 697?
17, 41
List the prime factors of 9645.
3, 5, 643
List the prime factors of 8772.
2, 3, 17, 43
What are the prime factors of 94534?
2, 11, 4297
List the prime factors of 863.
863
List the prime factors of 23588.
2, 5897
List the prime factors of 6083.
7, 11, 79
What are the prime factors of 6534?
2, 3, 11
List the prime factors of 324.
2, 3
List the prime factors of 42418.
2, 127, 167
What are the prime factors of 4149?
3, 461
What are the prime factors of 80509?
11, 13, 563
What are the prime factors of 88686?
2, 3, 13, 379
What are the prime factors of 1120?
2, 5, 7
List the prime factors of 16930.
2, 5, 1693
List the prime factors of 28936.
2, 3617
List the prime factors of 8145.
3, 5, 181
List the prime factors of 35934.
2, 3, 53, 113
What are the prime factors of 113?
113
What are the prime factors of 4138?
2, 2069
List the prime factors of 4194.
2, 3, 233
List the prime factors of 21381.
3, 7127
List the prime factors of 15516.
2, 3, 431
List the prime factors of 2970.
2, 3, 5, 11
List the prime factors of 3205.
5, 641
List the prime factors of 21222.
2, 3, 131
List the prime factors of 67410.
2, 3, 5, 7, 107
What are the prime factors of 98713?
98713
List the prime factors of 1921.
17, 113
List the prime factors of 302.
2, 151
What are the prime factors of 1939?
7, 277
What are the prime factors of 868?
2, 7, 31
List the prime factors of 38346.
2, 3, 7, 11, 83
What are the prime factors of 14234?
2, 11, 647
What are the prime factors of 12921?
3, 59, 73
What are the prime factors of 16936?
2, 29, 73
What are the prime factors of 1555?
5, 311
What are the prime factors of 245?
5, 7
List the prime factors of 1157.
13, 89
What are the prime factors of 595?
5, 7, 17
List the prime factors of 7746.
2, 3, 1291
List the prime factors of 17992.
2, 13, 173
What are the prime factors of 327?
3, 109
What are the prime factors of 850?
2, 5, 17
List the prime factors of 9457.
7, 193
List the prime factors of 12111.
3, 11, 367
List the prime factors of 9036.
2, 3, 251
What are the prime factors of 117149?
31, 3779
List the prime factors of 5817.
3, 7, 277
List the prime factors of 17670.
2, 3, 5, 19, 31
List the prime factors of 3538.
2, 29, 61
List the prime factors of 27554.
2, 23, 599
List the prime factors of 51927.
3, 19, 911
List the prime factors of 2548.
2, 7, 13
What are the prime factors of 2515?
5, 503
What are the prime factors of 46697?
7, 953
What are the prime factors of 33715?
5, 11, 613
List the prime factors of 40929.
3, 7, 1949
List the prime factors of 9448.
2, 1181
List the prime factors of 1153.
1153
List the prime factors of 5138.
2, 7, 367
List the prime factors of 103835.
5, 19, 1093
List the prime factors of 12851.
71, 181
What are the prime factors of 2328?
2, 3, 97
List the prime factors of 71259.
3, 23753
List the prime factors of 1040.
2, 5, 13
List the prime factors of 1613.
1613
What are the prime factors of 4256?
2, 7, 19
List the prime factors of 303.
3, 101
List the prime factors of 1057.
7, 151
List the prime factors of 48735.
3, 5, 19
List the prime factors of 27119.
47, 577
What are the prime factors of 9557?
19, 503
What are the prime factors of 626?
2, 313
What are the prime factors of 22728?
2, 3, 947
List the prime factors of 3686.
2, 19, 97
What are the prime factors of 14579?
61, 239
What are the prime factors of 53875?
5, 431
What are the prime factors of 2571?
3, 857
List the prime factors of 591.
3, 197
What are the prime factors of 5853?
3, 1951
List the prime factors of 376.
2, 47
List the prime factors of 5476.
2, 37
List the prime factors of 6611.
11, 601
What are the prime factors of 1454?
2, 727
What are the prime factors of 2096?
2, 131
List the prime factors of 54559.
54559
List the prime factors of 48477.
3, 11, 13, 113
What are the prime factors of 95501?
7, 1949
What are the prime factors of 2095?
5, 419
List the prime factors of 67855.
5, 41, 331
List the prime factors of 83128.
2, 10391
What are the prime factors of 9274?
2, 4637
List the prime factors of 550.
2, 5, 11
What are the prime factors of 2633?
2633
List the prime factors of 4644.
2, 3, 43
What are the prime factors of 57087?
3, 6343
List the prime factors of 4667.
13, 359
List the prime factors of 486.
2, 3
What are the prime factors of 1399?
1399
List the prime factors of 23437.
23, 1019
List the prime factors of 75276.
2, 3, 17, 41
What are the prime factors of 5482?
2, 2741
What are the prime factors of 6997?
6997
What are the prime factors of 34280?
2, 5, 857
List the prime factors of 25455.
3, 5, 1697
What are the prime factors of 1268?
2, 317
What are the prime factors of 2432?
2, 19
What are the prime factors of 39992?
2, 4999
List the prime factors of 2861.
2861
List the prime factors of 16783.
13, 1291
What are the prime factors of 1361?
1361
What are the prime factors of 846?
2, 3, 47
List the prime factors of 7666.
2, 3833
List the prime factors of 143726.
2, 11, 47, 139
List the prime factors of 10681.
11, 971
List the prime factors of 25.
5
What are the prime factors of 6527?
61, 107
List the prime factors of 40172.
2, 11, 83
List the prime factors of 2670.
2, 3, 5, 89
What are the prime factors of 11823?
3, 7, 563
What are the prime factors of 7419?
3, 2473
What are the prime factors of 14438?
2, 7219
List the prime factors of 18298.
2, 7, 1307
What are the prime factors of 21?
3, 7
What are the prime factors of 3333?
3, 11, 101
List the prime factors of 124839.
3, 11, 13, 97
List the prime factors of 16872.
2, 3, 19, 37
What are the prime factors of 2365?
5, 11, 43
What are the prime factors of 162352?
2, 73, 139
List the prime factors of 125242.
2, 13, 4817
List the prime factors of 496.
2, 31
What are the prime factors of 24800?
2, 5, 31
List the prime factors of 89873.
7, 37, 347
What are the prime factors of 538?
2, 269
List the prime factors of 1918.
2, 7, 137
What are the prime factors of 1381?
1381
List the prime factors of 1419.
3, 11, 43
What are the prime factors of 12562?
2, 11, 571
What are the prime factors of 5875?
5, 47
What are the prime factors of 1054?
2, 17, 31
What are the prime factors of 40452?
2, 3, 3371
What are the prime factors of 1560?
2, 3, 5, 13
What are the prime factors of 8552?
2, 1069
What are the prime factors of 24537?
3, 8179
What are the prime factors of 2201?
31, 71
List the prime factors of 358.
2, 179
What are the prime factors of 1134?
2, 3, 7
List the prime factors of 143.
11, 13
List the prime factors of 17628.
2, 3, 13, 113
What are the prime factors of 4846?
2, 2423
What are the prime factors of 78426?
2, 3, 4357
List the prime factors of 3340.
2, 5, 167
List the prime factors of 1840.
2, 5, 23
List the prime factors of 1670.
2, 5, 167
What are the prime factors of 7921?
89
List the prime factors of 136911.
3, 47, 971
What are the prime factors of 630?
2, 3, 5, 7
List the prime factors of 2929.
29, 101
List the prime factors of 366.
2, 3, 61
What are the prime factors of 6436?
2, 1609
List the prime factors of 1033.
1033
What are the prime factors of 3842?
2, 17, 113
List the prime factors of 516.
2, 3, 43
List the prime factors of 3041.
3041
What are the prime factors of 13114?
2, 79, 83
List the prime factors of 93.
3, 31
What are the prime factors of 1362?
2, 3, 227
What are the prime factors of 808?
2, 101
What are the prime factors of 26206?
2, 13103
List the prime factors of 6026.
2, 23, 131
List the prime factors of 11076.
2, 3, 13, 71
What are the prime factors of 88475?
5, 3539
What are the prime factors of 2190?
2, 3, 5, 73
What are the prime factors of 11609?
13, 19, 47
List the prime factors of 8624.
2, 7, 11
List the prime factors of 46952.
2, 5869
List the prime factors of 80229.
3, 47, 569
What are the prime factors of 1842?
2, 3, 307
List the prime factors of 790.
2, 5, 79
List the prime factors o